Let j be -1*2*(-6)/4. Let t = u - j. What is the greatest common factor of 8 and t?
8
Let c be -5 + 2/((-6)/405). Let j = c - -145. Calculate the highest common divisor of 35 and j.
5
Suppose 0 = -m + 5*j + 35, -5*m - 70 = -7*m - 4*j. Calculate the highest common factor of m and 5.
5
Suppose t + 4*f - 4 = 0, -21 = -3*t + 2*f + 33. Let a = -364 + 492. Calculate the highest common divisor of a and t.
16
Suppose -6*k + 19 = 7. Let c be (0 + 0)*(-2)/(-4). Suppose c = k*b - 3*b + 28. Calculate the greatest common divisor of 42 and b.
14
Let h(z) = 2*z + 2. Let c be h(4). Let s = 606 - 566. What is the highest common factor of s and c?
10
Let v(y) = -y**3 + 22*y**2 + 183*y - 6. Let x be v(-10). What is the highest common divisor of x and 372?
124
Suppose 2*o = 3*o + 4*j - 108, j = -4. What is the highest common factor of o and 31?
31
Let a = 261 - 190. What is the highest common divisor of 568 and a?
71
Let p(k) = -6 + 11 + 1 + 2*k. Let l be p(3). Let a be (15/l)/((-5)/(-320)). What is the greatest common factor of 10 and a?
10
Let c be -5 - (-470)/40 - 3/4. What is the highest common divisor of c and 66?
6
Suppose 3*t - 45 = -4*z, -13*t = z - 11*t - 10. What is the highest common factor of 1704 and z?
12
Let t = 211 - -237. Calculate the highest common factor of 14 and t.
14
Suppose 0 = -2*l, -h - 2*h + 84 = 4*l. Let o(k) = 59*k - 90. Let u be o(2). What is the highest common divisor of h and u?
28
Let m(g) = -2*g - 43. Suppose -2*u = -2, 4*u = -0*t + t + 28. Let k be m(t). Calculate the highest common factor of k and 5.
5
Suppose 5*v + 38 = 223. Let l be 2/(-3) + 140/(-6). Let p = v + l. Calculate the highest common divisor of 39 and p.
13
Suppose 0*n = 2*n + 6. Let a be -4 - (n - 4) - (0 + 2). Calculate the highest common divisor of a and 25.
1
Let p(n) = -6*n - 27. Let o be p(-11). Suppose 0*u = -u + 5*f + o, -4 = -u - 2*f. Calculate the highest common factor of u and 154.
14
Let g(r) = -10 + 9*r**2 + 17 - 8*r**2 - 2*r. Let q be g(3). What is the highest common divisor of q and 10?
10
Suppose -7*v + 3*v + 2*k + 24 = 0, 0 = -4*k - 16. Suppose 3*c - 186 = -v*g, g - 1 - 38 = 3*c. What is the greatest common factor of g and 15?
15
Let r be 2 + 4 - 2 - -41. Let g = r + 24. Suppose -4*y = l + 4*l - 201, 0 = -y - 5*l + g. What is the highest common divisor of 110 and y?
22
Let a(c) = c**3 + 2*c**2 - 3*c - 2. Let k be a(-3). Let l be 23 - 0 - (-1 + k). Calculate the greatest common divisor of 39 and l.
13
Suppose -4*p - 2*k = -446, 5*k + 334 = 5*p - 186. Suppose -4*q - 1 - p = -5*h, -2*h + 5*q + 44 = 0. Calculate the highest common divisor of 220 and h.
22
Let m(j) = 125*j**2 - 2*j + 2. Let b(n) = 188*n**2 - 3*n + 3. Let x(h) = 5*b(h) - 7*m(h). Let d be x(1). What is the highest common factor of 26 and d?
13
Let z(l) = l**2 + 8*l - 12. Let h be z(-11). Let v be (7/(h/99))/3. What is the highest common divisor of v and 22?
11
Let f = 325 + -238. Calculate the greatest common factor of 116 and f.
29
Suppose -c - 26 = -3*i - 142, -3*c - 2*i = -304. Calculate the greatest common divisor of 156 and c.
52
Let u = 4 + 10. Let j(z) = -28*z - 322. Let y be j(-20). What is the highest common factor of y and u?
14
Let f(h) be the third derivative of 0*h - 31/6*h**4 + 7*h**2 + 1/3*h**3 + 0. Let u be f(-1). What is the greatest common divisor of u and 14?
14
Let p(k) be the first derivative of k**3/3 - 7*k**2/2 - 15*k + 71. Let h = 13 + -4. Let x be p(h). What is the highest common divisor of x and 2?
1
Suppose r - 2*m = 4*r - 244, -4*m = 3*r - 254. Calculate the highest common factor of r and 26.
26
Suppose -5*j - 4*u - 1 = 2, -4*u + 27 = -5*j. Let q be 12 + 1*(-6)/j. Let d = q - 3. What is the highest common divisor of 44 and d?
11
Suppose -18 = 3*s + u - 2*u, 3*u + 9 = 0. Let h = -1 - s. Let v be (31/(-62))/(2/(-192)). What is the greatest common divisor of h and v?
6
Let b(q) = 2*q - 3. Let j be b(4). Let i(s) be the first derivative of -5*s**2 + 10*s - 8. Let h be i(0). What is the greatest common divisor of j and h?
5
Let r be (-4)/14 - (-46)/14. Let d = 523 - 165. Suppose 5*g - 2*s = d, 4*s - 130 = -r*g + 90. Calculate the greatest common factor of 18 and g.
18
Suppose c = -5*v + 68, 2*v - 8 = -5*c + 10. Calculate the highest common divisor of v and 77.
7
Suppose 0 + 8 = 2*q. Let p = -32 + 36. Let x be (0 - 8*p)/(4 - 5). What is the highest common factor of x and q?
4
Let x be (2/3)/((-2)/(-252)). Let t be (7 + (-140)/8)*(-32)/28. Calculate the greatest common factor of t and x.
12
Suppose 12*i = 16*i - 640. Calculate the highest common divisor of i and 5.
5
Suppose 45*c = 4*o + 50*c - 197, 3*c = -5*o + 243. What is the greatest common factor of o and 64?
16
Suppose 0 = 3*v + 2*v - 125. Let a = 80 + -87. Let f be 100/(3 - 1)*a/(-2). What is the highest common divisor of v and f?
25
Let p(d) = -d**2 - 19*d - 13. Let q be p(-18). Let j(h) = 2*h + 9. Let u be j(8). What is the greatest common divisor of u and q?
5
Let j = -66 - -75. What is the greatest common divisor of 72 and j?
9
Suppose 4 = 4*a - 4*m - 36, -3*m - 37 = -4*a. Suppose 5*t - a = l, t + l + 10 = 5*l. What is the highest common divisor of 18 and t?
2
Let p(i) = -2*i + 54. Let j be p(14). Suppose z = -2*c + j, 2*c + 14 = 2*z - z. Calculate the greatest common factor of 20 and z.
20
Let f be 23/(-6)*-8 + 60/45. Calculate the greatest common factor of 304 and f.
16
Let p = -1020 + 1038. What is the highest common factor of p and 666?
18
Let s be (3 - 11)/24 + 7/3. Suppose 0*v = 3*v - 6. What is the greatest common divisor of v and s?
2
Suppose 0 = -52*o + 971 + 69. Suppose 25 = -5*z, 2*x = x + 4*z + 30. Calculate the highest common factor of x and o.
10
Let n be ((-5)/15)/((-1)/21). Let h(j) = -10 + 4 - 59*j + n. Let s be h(-1). Calculate the greatest common divisor of 20 and s.
20
Suppose 7*b - 10 = 11. Let n(z) = 2*z + 7. Let a be n(b). What is the greatest common factor of 91 and a?
13
Let z(o) = -o**2 + 11*o. Suppose 3*m + 42 = 9*m. Suppose -28 = -4*l + 5*c, l - 4*c + c = m. Let j be z(l). What is the highest common factor of j and 4?
4
Let n = -142 + 172. What is the highest common divisor of 50 and n?
10
Let h(j) = -j**3 + 12*j**2 - 17*j - 10. Let n be h(10). Calculate the greatest common divisor of n and 130.
10
Let o = 11 - 3. Let c(q) = 3*q**2 - 2*q - 1. Suppose -3*v - 2*v - 5 = 0. Let y be c(v). What is the highest common divisor of y and o?
4
Let o = 379 - 329. Calculate the greatest common divisor of 125 and o.
25
Let y(x) = 7*x + 79. Let a be y(-8). What is the greatest common divisor of 46 and a?
23
Let u be 103 + -108 - ((-2)/2 + -163). Calculate the greatest common divisor of 265 and u.
53
Suppose 39*w - 36*w = z - 56, z - 2*w = 52. Calculate the greatest common factor of z and 2376.
44
Suppose 3*w - 62 = 5*u + 27, 3*w = -u - 25. Let s = -6 - u. What is the highest common factor of 13 and s?
13
Suppose 2*k - 30 = -0*k. Let m(a) = 2*a**3 - a**2 - 6*a + 4. Let f be m(2). Suppose f*i - 72 = -12. Calculate the greatest common factor of k and i.
15
Let u(s) = -2*s**2 + 10*s - 2. Let c be u(4). Suppose c*r = 3*r + 33. What is the highest common factor of r and 22?
11
Suppose 5*j + 42 = u - 35, -3*u - j = -231. Calculate the greatest common divisor of u and 33.
11
Let g be 37 - (1 + -1) - 155/31. What is the greatest common factor of g and 72?
8
Let j be (4/5)/((-4)/(-60)*2). Let a = 53 - 37. Suppose -j*t + 8 = -a. Calculate the highest common factor of t and 12.
4
Let b = -732 + 1002. What is the highest common factor of b and 40?
10
Let s = 12 + 40. Suppose s = 4*t - 4*y - 0*y, -3*y = 15. Suppose 2*r - 23 = -5*i, -5*r + 7*i + t = 3*i. Calculate the highest common factor of 1 and r.
1
Suppose -5*j + 28 = 2*m, 0 = 3*m - j - j - 4. Let t(p) = p**2 + 2*p - 2. Let k be t(m). What is the greatest common divisor of k and 198?
22
Let y(w) = 6*w - 76. Suppose 0 = 6*i + 7 - 85. Let h be y(i). Calculate the highest common factor of h and 4.
2
Let k = -290 + 1208. Suppose 2*r + 4*q = q + 612, -3*r + k = 3*q. What is the greatest common divisor of 34 and r?
34
Suppose 2*l + 40 = -3*n, -3*n = -l + 28 + 6. Let f = 7 + n. Let v be (11 - -259)*(-6)/f. What is the highest common factor of 36 and v?
36
Suppose -102 = -4*u + 3*j, 2*u = j + 2*j + 48. Let p be (-108)/10*(22/(-4) + 3). What is the highest c